
Let g(r) = -r**3 - r. Let t(h) = 2*h**3 - h**2 + 3*h - 9. Let x(c) = -3*g(c) - t(c). Let f be x(0). Let v(a) = 4*a + 3. What is the units digit of v(f)?
9
Suppose 25 = 6*v - v. Suppose -9 = 3*h, v*h + 14 = -2*t + 37. What is the units digit of t?
9
Let b = -41 + 57. Let s = b - 10. What is the units digit of s?
6
Suppose 270 - 39 = -7*p. Let c be 4 - p*(-6)/9. What is the units digit of 244/6*c/(-12)?
1
Suppose 13*x - 4918 = 8433. What is the hundreds digit of x?
0
Suppose -5*g + 176 + 329 = 0. Suppose 0 = -7*n + g + 354. What is the units digit of n?
5
What is the tens digit of (218 + -8 - 10)/(4/6)?
0
Let z(b) = -107*b**2 - b. Let h be z(1). Let q be ((-4)/(-6))/((-24)/h). What is the units digit of 60*-1*q/(-6)?
0
Let v(d) = 194*d**2 + 15*d - 25. What is the hundreds digit of v(3)?
7
Let q(l) = l**3 - 3*l**2 - 5*l + 4. Let i be q(5). Suppose -i = -5*a + 116. What is the units digit of a?
9
Let d(x) = -x - 3*x - 2*x + 2*x. Let y be d(-1). Suppose 0 = -4*t - y*l + 80, 7*t - 2*t = 5*l + 80. What is the units digit of t?
8
Let p be 2*(-6)/(-60) + 98/10. Suppose p*w - 248 = 1142. What is the tens digit of w?
3
Let t(x) = 21*x - 25. Let u be t(9). Let j = 260 - u. What is the tens digit of j?
9
Let z be -4*((-1576)/40)/(2/5). Let k = -224 + z. What is the tens digit of k?
7
Suppose -y - 3 = 0, 2*y - 394 = -5*o - 0*y. Suppose 0 = 5*s - 45 - o. What is the units digit of s?
5
Let u = -506 + 1948. What is the units digit of u/119 - 4/34?
2
Suppose 7*b - 8*b + 4 = 0. Suppose -b*j + 6 = -2*j. Suppose 7*d - 3*f - 93 = 4*d, 4*d - j*f - 128 = 0. What is the tens digit of d?
3
Let n be -1 + -3 + 6 + 3. Suppose n = -z + 7. What is the units digit of z?
2
Let j(l) = l**3 - 11*l**2 - l + 13. Let t be j(11). Suppose -4*d = -2*k + 94, 3*d - t*k + 77 - 7 = 0. What is the units digit of (62/(-3))/(16/d)?
1
Let x(a) be the third derivative of a**4 - 2*a**3/3 - 11*a**2. Let z be x(3). Suppose -37 = -5*n + z. What is the units digit of n?
1
Suppose h - 25 = -4*h. Suppose u - 3*u + 357 = -3*x, 0 = 5*u + h*x - 830. What is the hundreds digit of u?
1
Let q = 1481 - 874. What is the tens digit of q?
0
Let l be 6/(-45) + (-117)/135. Let x be l - 3 - (-7 + 5). Let s(g) = -26*g - 5. What is the units digit of s(x)?
7
Let r = 1 + 0. Let c(a) be the third derivative of 11*a**6/40 + a**4/8 - a**3/3 + a**2 - 24. What is the units digit of c(r)?
4
Suppose -3*k = 5*b + 15, -5 = -b - 2*b + k. Suppose -2*v - t + 2*t = b, 0 = 2*t. Suppose v = 5*j - 0*j - 155. What is the tens digit of j?
3
Let d be 2/4*2 - -30. Suppose d = 4*x + c, 4 + 1 = -c. Suppose -56 = -2*r - 3*l, -r = -x*l + 4*l - 15. What is the tens digit of r?
2
Let h(i) = -2*i - 11. Let k be h(-8). Suppose 150 = k*p - 265. What is the tens digit of p?
8
Let q = -1025 + 3209. What is the units digit of q?
4
Let s(r) = -r**3 + 17*r**2 + 27*r + 17. What is the hundreds digit of s(18)?
1
What is the units digit of 11/((-1029)/(-171) + -6)?
7
Suppose 3*m + 18 = 12*m. Suppose 55 = m*i - 121. What is the units digit of i?
8
Let u(j) = 3*j**2 + 1. Let a(b) be the first derivative of b**2/2 - 14*b - 3. Let d be a(15). What is the units digit of u(d)?
4
Suppose -2*z - 5*y = -90, -4*z - y = -0*y - 216. What is the units digit of z?
5
Let p = 74 + 137. What is the hundreds digit of p?
2
What is the tens digit of -2*((-105128)/16)/17?
7
Suppose -5*b = -8 + 23. Let y be b/(133/(-130) + 1). Suppose w - 3*s = -0*s + 26, y = 3*w + 4*s. What is the units digit of w?
8
Let y(t) = 15*t + 23. Let l be y(7). Let n = l + -60. What is the tens digit of n?
6
Suppose -5*p = -2*d + 3252, p = 3*d - 2*p - 4887. What is the units digit of d?
1
Let n be 0 + 1 - 2/(-2). Let a be 3*4/108 + 646/18. Suppose 31 = r + 4*y, 0 = -n*r + 3*y + 2*y + a. What is the tens digit of r?
2
Suppose 14*y - 40 = 10*y. Suppose -5*b - 2 = 5*u - 47, -y = -u - 2*b. What is the units digit of u?
8
Let o(u) = 1756*u**2 - 15*u + 1. What is the hundreds digit of o(-1)?
7
Let b be (-180)/(-42) + 4/(-14). Suppose b = -3*j + 2*j. Let d(z) = 2*z**2 + 3*z + 1. What is the units digit of d(j)?
1
Suppose 8586 = 27*o - 7236. What is the hundreds digit of o?
5
Suppose -4*w + 230 - 786 = 0. Let v = w + 291. What is the tens digit of v?
5
Let h be (-2)/3 - (-5406)/9. Let l be h/7 - (-14)/49. Suppose 2*i + 4*o + 30 = l, i + o - 25 = 0. What is the units digit of i?
2
Let m be 2*(-2)/(-5)*20. Let v be m/12*6/4. Suppose 3 = -2*i + 5, v*b = 4*i + 30. What is the tens digit of b?
1
Let q(i) = -648*i - 964. What is the tens digit of q(-6)?
2
Let s be (-48)/(1 + -5)*(-50)/(-4). Suppose -s = -8*m + 434. What is the tens digit of m?
7
Let y(v) = 4*v**2 + 9*v - 70. What is the hundreds digit of y(11)?
5
Suppose -6878 = -7*w - 1838. What is the tens digit of w?
2
Suppose -i - 335 = 7*o - 2*o, -4*o - i = 268. Let y = o + 170. What is the tens digit of y?
0
Let z(t) = -72*t - 12. Let s be -5 + 0 + 1/((-4)/(-4)). What is the tens digit of z(s)?
7
Let l = -177 + 329. What is the tens digit of l?
5
Let u(r) = -2*r**2 + 23. Let a be u(0). Suppose g = 33 + a. What is the units digit of g?
6
Let c = 637 - 344. What is the hundreds digit of c?
2
Suppose -5*q + 961 = 4*l - 891, -l = -5*q - 488. What is the tens digit of l?
6
Let y(b) be the third derivative of b**4/24 + 17*b**3/3 - 3*b**2. What is the tens digit of y(-7)?
2
Suppose 3*y = -0*h + 5*h + 226, -y + 3*h + 74 = 0. Let f = y - -51. What is the units digit of f?
8
Let r = -921 + 2410. What is the tens digit of r?
8
Suppose -a + 6 - 4 = 0. Suppose 0*v = -2*u - v - 53, 0 = -5*u + a*v - 155. Let n = 42 + u. What is the units digit of n?
3
Suppose 2*x = -2*n - x + 1507, 0 = -4*n + x + 2979. What is the units digit of n?
6
Suppose 47*v - 7809 = 12213. What is the units digit of v?
6
Suppose -5*j - 4 = -19. Suppose -k - 3 = j*i - 6, 2*i - 2 = 3*k. Suppose 5*x = -k*x + 50. What is the units digit of x?
0
Suppose 0*g = 5*g + 315. Let f = -7 - g. What is the units digit of f?
6
What is the hundreds digit of ((-3308)/(-2))/(6*7/21)?
8
Let f = -1649 + 5311. What is the tens digit of f?
6
Suppose -2*d - 2*o = -12, -2*d = 7*o - 4*o - 14. Suppose 2*i - 59 = k - 8, -d*k = -4. What is the units digit of i?
6
Suppose -3*f - 1 = -28. Let p = f + -4. Suppose 9 = -p*c + 8*c. What is the units digit of c?
3
Suppose -340 = -n + 2*l + 88, 2*l - 432 = -n. What is the hundreds digit of n?
4
Let x be -4*((-75)/(-20) + 1). Let q(f) = -f**2 - 23*f + 1. What is the units digit of q(x)?
7
Suppose -a + 12 - 11 = 0. Suppose 4*u = r + 33 + 17, 3*u + 3*r = 45. Let m = a + u. What is the units digit of m?
4
Suppose 3*s - 27 = -4*n, 4*n - 2*s = -n + 5. Suppose -2*g + n*g = 107. What is the hundreds digit of g?
1
Suppose -2*c = -3*c + 3. Let v = 86 - c. What is the tens digit of v?
8
Suppose -4 = -3*v + 5. Suppose -6*h = -h - 10. Suppose -4*o + 4*i + 80 = v*i, 58 = h*o - 5*i. What is the tens digit of o?
1
Let a = 1458 - 904. What is the hundreds digit of a?
5
Let q be 2*((-524)/(-20))/(6/15). Let k = q - -78. What is the hundreds digit of k?
2
Suppose -727*z - 16639 = -734*z. What is the units digit of z?
7
Suppose 5*m - 25 + 0 = 0. Let p be (-4)/(-1) + (m - 9). What is the units digit of -2 + p - (0 - 13)?
1
Let h(r) = -r**2 - 8*r + 6. Let a be h(-8). Suppose -6*n = -7*n + a. What is the units digit of 2 - n*20/(-8)?
7
Let h(u) = -u + 11. Let t(p) = -1. Let z(q) = -3*h(q) + 21*t(q). What is the tens digit of z(22)?
1
Let m be (-4)/(-20) + 909/5. Suppose -122 = h + m. What is the tens digit of (-14)/(-49) + h/(-14)?
2
Let r = 13 + -13. Let i(p) = p + 60. What is the units digit of i(r)?
0
Let j be 1186/6 - (0 - (-6)/9). Suppose 163 = 9*y - j. What is the tens digit of y?
4
Suppose 5*f + 8 = 3*f. What is the units digit of (32/40)/(f/(-390))?
8
Let q = 610 - 152. What is the tens digit of q?
5
Let j(y) = 14 - 13 - 5*y**2 + y**3 + 8 - 3*y. What is the tens digit of j(8)?
7
Let t = 2590 - 1677. What is the tens digit of t?
1
Suppose -15*v + 14*v = 12. Let q = v + 36. Suppose -2*x + q = -2*m - 16, 5*x = -4*m + 100. What is the units digit of x?
0
Let j = 4708 - 2913. What is the thousands digit of j?
1
What is the hundreds digit of ((-5448)/(-18))/((-36)/(-54))?
4
Let o = 160 + -133. What is the units digit of (o/(-3))/(1 - (-46)/(-40))?
0
Let i(w) = w**2 + 9*w + 1. Let t be i(-10). Su